5 - -1775)/4)/(15/6) is divided by 42.
10
Let d(b) = 9*b**2 + 0*b**2 + 0*b - 3 + b. Let t be d(-3). Suppose -2*m + 2*h + 11 = -29, -4*m - h + t = 0. Calculate the remainder when 54 is divided by m.
16
Let l = 0 + 18. What is the remainder when 172/5*45/l is divided by 22?
20
Let t = -135 + 91. Let u = 54 + t. What is the remainder when 29 is divided by u?
9
Let t(o) = -2*o + 8. Calculate the remainder when 74 - -30*(-4)/(-12) is divided by t(-7).
18
Calculate the remainder when (2 + 310/15)/((-29)/(-174)) is divided by (23/(-3))/((-1)/3).
21
Let g = -688 - -819. Calculate the remainder when g is divided by 30.
11
Suppose 455 - 151 = 19*n. Suppose -3*f - 2*f = -w - 153, 2*w = 5*f - 156. What is the remainder when f is divided by n?
14
Let g(f) = -27*f + 1. Suppose 0 = -0*k + 2*k - 6. What is the remainder when g(-1) is divided by 6/((45/25)/k)?
8
Let d(o) = -o**3 + 11*o**2 - 17*o - 2. What is the remainder when d(8) is divided by 54?
0
Suppose 2*s - k + 0 = 18, 0 = -5*s - 2*k + 54. Suppose 2*b - s = 0, 5*l + 4*b - 396 = l. What is the remainder when l is divided by 32?
30
Suppose -2*c = -c - 35. What is the remainder when 826/c + (-3)/5 is divided by 13?
10
Let v(n) = -n**2 + 3*n - 2. Let r be v(3). Let b(o) be the first derivative of 10*o**3/3 - o**2 + o - 2. What is the remainder when b(r) is divided by 12?
9
Suppose -2*h - 3 + 33 = 0. Let j = h + -13. Suppose -j*z = -5*z + 60. What is the remainder when 78 is divided by z?
18
Suppose 9*w = 6*w. Suppose 4*m = -0*g - g + 22, w = 4*m - g - 18. Suppose 0*f = -f + 2*z + 23, 5*f + 3*z = 89. Calculate the remainder when f is divided by m.
4
Let v(p) = 3*p**2 + 21*p + 3. Calculate the remainder when v(-8) is divided by 15.
12
Let v = 255 - 159. Calculate the remainder when v is divided by 26.
18
Let a = 6 - -17. Calculate the remainder when 6/(-33) + (7720/110 - 3) is divided by a.
21
Let k = -194 + 290. Suppose -z - k = -5*y - 0*z, 72 = 4*y - 2*z. What is the remainder when 98 is divided by y?
18
Let q(h) = h**3 - 23*h**2 + 52*h + 9. What is the remainder when q(21) is divided by 37?
34
Let q(y) = -y**3 + y**2 - 5*y + 78. What is the remainder when -1 + -10*(-7)/2 is divided by q(4)?
4
Let i = -38 + 54. Let p = i - 15. What is the remainder when p is divided by 1?
0
Suppose 3*l - f = -6*f + 20, -5*f = 4*l - 25. Suppose 3*z - 6 = -5*m + 3, 5*z + l*m = 15. What is the remainder when 13 is divided by z?
1
Suppose -2*t + 3*b - 6 = b, 5*b = 4*t + 15. Let n = t - -4. Suppose 33 = 2*w + 5*k, -3*k = -k - 6. What is the remainder when w is divided by n?
1
Let v be (-148)/(-111) - (1 - 134/3). Suppose 0 = -7*q + 2*q + v. What is the remainder when 9 is divided by q?
0
Let l(a) = a**3 + 10*a**2 - 7*a - 28. What is the remainder when 243 is divided by l(-10)?
33
Suppose 0*l - 2*l + 47 = z, -l + 6 = -3*z. Let t = -51 + 134. What is the remainder when t is divided by l?
20
Let k = -320 + 331. What is the remainder when 293 is divided by k?
7
What is the remainder when 41 is divided by 210/(-84)*52/(-10)?
2
Let k = 1258 - 1011. Calculate the remainder when k is divided by 33.
16
Suppose 0 = 5*z - 10*z + 400. Calculate the remainder when z is divided by 12.
8
Suppose -4*j - 322 = -18*j. Calculate the remainder when 366 is divided by j.
21
Let m = 5 - 4. Let l = 29 - m. Suppose r - l = -2*g - r, 0 = -2*r - 4. Calculate the remainder when 61 is divided by g.
13
Let f = 210 + -297. Let y = -35 - f. What is the remainder when y is divided by -18*(-3)/(-2)*-1?
25
Let c(q) = q**2 - 85*q - 510. What is the remainder when (-124)/6*1*-3 is divided by c(-6)?
26
Let u be (2/3)/(16/384). What is the remainder when (u/(-6))/((-10)/75) is divided by 11?
9
Let y(v) = -125*v**3 + v**2 - 1. Calculate the remainder when y(-1) is divided by 34.
23
Let y be (103*-1)/(5/15). Let k = y + 529. What is the remainder when k is divided by 56?
52
Let n = 10 + 3. Suppose 66 = 7*x + 10. What is the remainder when n is divided by x?
5
What is the remainder when 17*-12*12/(-18) is divided by 23?
21
Let h be -5*(56/5 + 4). Let a = h - -85. What is the remainder when a is divided by 8?
1
Let h = 278 - -826. Calculate the remainder when (2/(-3))/((-32)/h) is divided by 10.
3
Suppose 2*n - 20 - 10 = g, 0 = 3*n + 3*g - 27. Calculate the remainder when n is divided by 2.
1
Let n(j) be the second derivative of -16/3*j**3 + 11*j + 0 + 4*j**2. What is the remainder when n(-3) is divided by 35?
34
Suppose 347 = 3*f + 5*t, -2*f + t + 80 = -134. What is the remainder when f is divided by 39?
31
Let w = 109 + -24. Let j = 53 - 51. Suppose -w = j*c - 7*c. What is the remainder when c is divided by 9?
8
Let p(q) = 2*q**3 + 57*q**2 + 170*q - 54. What is the remainder when 360 is divided by p(-25)?
5
Let m = 8 - 8. Suppose 8 = 2*o + 4*a, m = 3*o - 2*a + a - 19. What is the remainder when 22 is divided by o?
4
Suppose 17 = 2*r - 9. Let x = -4630 + 4651. Calculate the remainder when x is divided by r.
8
Let b = -9 + -3. Let t be b/(4 + 0) - -463. Suppose -5*h - 110 + t = 0. What is the remainder when h is divided by 24?
22
Let b = 39 + 17. Calculate the remainder when b is divided by 55/220 + 150/8.
18
Let a be 19/(1 + (-5)/10). Suppose a = v - 8. Calculate the remainder when v is divided by 16.
14
Let y = 205 + -180. Calculate the remainder when 172 is divided by y.
22
Let n = -1588 + 1824. Calculate the remainder when n is divided by 7.
5
Let t(r) = -r**2 + 36*r - 30. What is the remainder when t(30) is divided by 85?
65
Let y(v) = v**3 + 7*v**2 - 9*v - 6. Calculate the remainder when 681 is divided by y(3).
54
Suppose -48 = -5*n - 68. Calculate the remainder when 32 is divided by (-6)/(n/4 + 0).
2
Suppose 49*y - 352 = 17*y. Calculate the remainder when 1744/(-20)*5/(-2) is divided by y.
9
Let o = -404 + 486. What is the remainder when 901 is divided by o?
81
Let w(k) = 25*k - 5. Let m(h) = h**2 - 18*h + 34. Let r be m(16). Calculate the remainder when w(r) is divided by 17.
11
Suppose -46 = -5*t - 2*b, -3*t + 45 = 3*b + 12. Suppose 3*r = 7*r - 60. Calculate the remainder when r is divided by t.
7
Suppose 10*w + 7 = 87. Suppose 2*k - 5*m + m - 2 = 0, -43 = -3*k - 2*m. Calculate the remainder when k is divided by w.
3
Let w be (-107)/(-7) + (-4)/14. Suppose w = 5*r, 6*n - 2*n + 4*r - 68 = 0. Let t(p) = 5*p**2 - 4*p - 8. Calculate the remainder when t(3) is divided by n.
11
Let w(j) = -j**2 - 35*j - 33. Calculate the remainder when w(-30) is divided by 17.
15
Suppose 2*w = 7*w + 275. Let x = -40 - w. Calculate the remainder when 58 is divided by x.
13
Suppose 13*s = 14*s - 17. Suppose -2*v - 3*a = 41, -a = -5*v - 6*a - 95. Let o = v + s. Calculate the remainder when 1 is divided by o.
0
Let j = 15 + -10. Suppose 3*b - 58 = -2*w, 0 = -j*w - 0*w - b + 158. Suppose -5*p = -w - 53. What is the remainder when 48 is divided by p?
14
Suppose 684 = 11*o + 255. What is the remainder when 66 is divided by o?
27
Let j be 2*(1 - -1) + -122. Let t be (5/5 - j)*1. Suppose 3*b = -5*g + t, -26 = -5*g + 2*b + 78. What is the remainder when g is divided by 12?
10
Let q be (0 + 2)*4 + -2. Suppose 0 = 5*w - q*w. Suppose -2*p + w*j = j - 22, 3*p - 4*j - 33 = 0. Calculate the remainder when 21 is divided by p.
10
Let k = 43 + -59. What is the remainder when 83 is divided by (8/(-3))/(k/504*3)?
27
Let t be 0/(-6) - (2 - 0). What is the remainder when ((-474)/12)/(0 - (-1)/t) is divided by 16?
15
Let v(w) = -6*w - 5*w + 83 - 81. Suppose 5*j = j + 60. What is the remainder when v(-5) is divided by j?
12
Let i = 2 + 0. Let k(w) = -w - 13. What is the remainder when (-57)/i*4/(-3) is divided by k(-21)?
6
Let m = 2345 - 2220. What is the remainder when m is divided by 8?
5
Let l = -31 - -21. Suppose 5*v + 60 = -5*z, -4*v + 2*v + 4*z = 6. Let m = v - l. Calculate the remainder when m is divided by 1.
0
Let o be 12/(-21) - 175/(-49). Suppose -30 = -o*r + 39. Calculate the remainder when r is divided by 8.
7
Suppose -2*o + 4*b = -66, -o + 5*b - 80 = -5*o. Suppose 65 = 5*h + 2*k, h - 6 = 3*k + 7. Let x = 86 - h. What is the remainder when x is divided by o?
23
Suppose 0 = -4*q + 48 - 8. Let r(s) = s**2 - 8*s. Let t be r(q). Suppose -3*w + 19 = -t. What is the remainder when 49 is divided by w?
10
Let f(s) = 2*s + 11. Let j be f(-5). Let q(l) = 12*l**3 + 2*l - 1. What is the remainder when 